{"id":1004,"date":"2025-09-17T01:44:34","date_gmt":"2025-09-17T04:44:34","guid":{"rendered":"https:\/\/www.ciaopera.com.br\/?page_id=1004"},"modified":"2025-12-23T19:45:33","modified_gmt":"2025-12-23T21:45:33","slug":"24o-concurso-maria-callas-2026","status":"publish","type":"page","link":"https:\/\/www.ciaopera.com.br\/?page_id=1004","title":{"rendered":"24\u00ba Concurso Maria Callas 2026"},"content":{"rendered":"<div class=\"wp-block-image\">\n<figure class=\"aligncenter size-large is-resized\"><img loading=\"lazy\" decoding=\"async\" width=\"884\" height=\"1024\" src=\"https:\/\/www.ciaopera.com.br\/wp-content\/uploads\/2022\/02\/Foto_Central_Croped-884x1024.jpg\" alt=\"\" class=\"wp-image-788\" style=\"width:519px\" srcset=\"https:\/\/www.ciaopera.com.br\/wp-content\/uploads\/2022\/02\/Foto_Central_Croped-884x1024.jpg 884w, https:\/\/www.ciaopera.com.br\/wp-content\/uploads\/2022\/02\/Foto_Central_Croped-259x300.jpg 259w, https:\/\/www.ciaopera.com.br\/wp-content\/uploads\/2022\/02\/Foto_Central_Croped-768x890.jpg 768w, https:\/\/www.ciaopera.com.br\/wp-content\/uploads\/2022\/02\/Foto_Central_Croped-1326x1536.jpg 1326w, https:\/\/www.ciaopera.com.br\/wp-content\/uploads\/2022\/02\/Foto_Central_Croped-1768x2048.jpg 1768w\" sizes=\"(max-width: 884px) 100vw, 884px\" \/><figcaption class=\"wp-element-caption\">Retrato de Maria Callas em nanquim e guache sobre papel<br>Artista: <a href=\"https:\/\/www.instagram.com\/livingmurs\/\" target=\"_blank\" rel=\"noreferrer noopener\">Livingmurs<\/a><\/figcaption><\/figure><\/div>\n\n\n<p>Maria Callas Nasceu em 2 de dezembro de 1923, em Nova Iorque. Filha de imigrantes gregos, chamava-se Maria Sophia Anna Cec\u00edlia Kalogeropoulus.<\/p>\n\n\n\n<p>O 24\u00ba Concurso Brasileiro de Canto Maria Callas ser\u00e1 realizado de 15 a 22 de mar\u00e7o de 2026, nas cidades de S\u00e3o Paulo e Jacare\u00ed.<\/p>\n\n\n\n<p>Poder\u00e3o participar todos os cantores brasileiros e latino-americanos entre 18 e 40 anos de idade (na fase eliminat\u00f3ria remota), residentes ou n\u00e3o em seus pa\u00edses. Cantores de outras nacionalidades poder\u00e3o se inscrever, desde que residentes em territ\u00f3rio brasileiro h\u00e1 mais de seis meses.<\/p>\n\n\n\n<p>A fase eliminat\u00f3ria ser\u00e1 remota. Ou seja, por meio de v\u00eddeo gravado pelos candidatos que ser\u00e3o avaliados por uma comiss\u00e3o interna da Cia \u00d3pera S\u00e3o Paulo e da Amigos da Cia \u00d3pera S\u00e3o Paulo.<\/p>\n\n\n\n<p>No dia 19\/12\/2025 ser\u00e1 divulgada a lista de candidatos selecionados para participar presencialmente da fase semifinal em S\u00e3o Paulo.<\/p>\n\n\n\n<div class=\"wp-block-buttons is-layout-flex wp-block-buttons-is-layout-flex\">\n<div class=\"wp-block-button has-custom-font-size is-style-outline has-medium-font-size\"><a class=\"wp-block-button__link has-cyan-bluish-gray-background-color has-text-color has-background has-link-color wp-element-button\" href=\"https:\/\/www.ciaopera.com.br\/?page_id=1020\" style=\"color:#7d0808\" target=\"_blank\" rel=\"noreferrer noopener\">Semifinalistas<\/a><\/div>\n\n\n\n<div class=\"wp-block-button has-custom-font-size is-style-outline has-medium-font-size\"><a class=\"wp-block-button__link has-cyan-bluish-gray-background-color has-text-color has-background has-link-color wp-element-button\" href=\"https:\/\/www.ciaopera.com.br\/?page_id=1023\" style=\"color:#7d0808\" target=\"_blank\" rel=\"noreferrer noopener\">Participantes<\/a><\/div>\n\n\n\n<div class=\"wp-block-button has-custom-font-size is-style-outline has-medium-font-size\"><a class=\"wp-block-button__link has-cyan-bluish-gray-background-color has-text-color has-background has-link-color wp-element-button\" href=\"https:\/\/www.ciaopera.com.br\/wp-content\/uploads\/2025\/09\/Reg_Conc-Callas-2026_PT.pdf\" style=\"color:#7d0808\" target=\"_blank\" rel=\"noreferrer noopener\">Regulamento Portugu\u00eas<\/a><\/div>\n\n\n\n<div class=\"wp-block-button has-custom-font-size is-style-outline has-medium-font-size\"><a class=\"wp-block-button__link has-cyan-bluish-gray-background-color has-text-color has-background has-link-color wp-element-button\" href=\"https:\/\/www.ciaopera.com.br\/wp-content\/uploads\/2025\/09\/Reglamento-Callas-2026_ES.pdf\" style=\"color:#7d0808\" target=\"_blank\" rel=\"noreferrer noopener\">Reglamento Espa\u00f1ol<\/a><\/div>\n\n\n\n<div class=\"wp-block-button has-custom-font-size is-style-outline has-medium-font-size\"><a class=\"wp-block-button__link has-cyan-bluish-gray-background-color has-text-color has-background has-link-color wp-element-button\" href=\"https:\/\/www.emailmeform.com\/builder\/form\/Crq1F8VdL257TUay0pDYMvuB\" style=\"color:#7d0808\" target=\"_blank\" rel=\"noreferrer noopener\">Inscri\u00e7\u00e3o<\/a><\/div>\n<\/div>\n","protected":false},"excerpt":{"rendered":"<p>Maria Callas Nasceu em 2 de dezembro de 1923, em Nova Iorque. Filha de imigrantes gregos, chamava-se Maria Sophia Anna Cec\u00edlia Kalogeropoulus. O 24\u00ba Concurso Brasileiro de Canto Maria Callas ser\u00e1 realizado de 15 a 22 de mar\u00e7o de 2026, nas cidades de S\u00e3o Paulo e Jacare\u00ed. Poder\u00e3o participar todos os cantores brasileiros e latino-americanos&hellip; <\/p>\n","protected":false},"author":1,"featured_media":0,"parent":0,"menu_order":0,"comment_status":"closed","ping_status":"closed","template":"","meta":{"footnotes":""},"_links":{"self":[{"href":"https:\/\/www.ciaopera.com.br\/index.php?rest_route=\/wp\/v2\/pages\/1004"}],"collection":[{"href":"https:\/\/www.ciaopera.com.br\/index.php?rest_route=\/wp\/v2\/pages"}],"about":[{"href":"https:\/\/www.ciaopera.com.br\/index.php?rest_route=\/wp\/v2\/types\/page"}],"author":[{"embeddable":true,"href":"https:\/\/www.ciaopera.com.br\/index.php?rest_route=\/wp\/v2\/users\/1"}],"replies":[{"embeddable":true,"href":"https:\/\/www.ciaopera.com.br\/index.php?rest_route=%2Fwp%2Fv2%2Fcomments&post=1004"}],"version-history":[{"count":6,"href":"https:\/\/www.ciaopera.com.br\/index.php?rest_route=\/wp\/v2\/pages\/1004\/revisions"}],"predecessor-version":[{"id":1026,"href":"https:\/\/www.ciaopera.com.br\/index.php?rest_route=\/wp\/v2\/pages\/1004\/revisions\/1026"}],"wp:attachment":[{"href":"https:\/\/www.ciaopera.com.br\/index.php?rest_route=%2Fwp%2Fv2%2Fmedia&parent=1004"}],"curies":[{"name":"wp","href":"https:\/\/api.w.org\/{rel}","templated":true}]}}

24º Concurso Maria Callas 2026

<div class="wp-block-image">
<figure class="aligncenter size-large is-resized"><img loading="lazy" decoding="async" width="884" height="1024" src="https://www.ciaopera.com.br/wp-content/uploads/2022/02/Foto_Central_Croped-884x1024.jpg" alt="" class="wp-image-788" style="width:519px" srcset="https://www.ciaopera.com.br/wp-content/uploads/2022/02/Foto_Central_Croped-884x1024.jpg 884w, https://www.ciaopera.com.br/wp-content/uploads/2022/02/Foto_Central_Croped-259x300.jpg 259w, https://www.ciaopera.com.br/wp-content/uploads/2022/02/Foto_Central_Croped-768x890.jpg 768w, https://www.ciaopera.com.br/wp-content/uploads/2022/02/Foto_Central_Croped-1326x1536.jpg 1326w, https://www.ciaopera.com.br/wp-content/uploads/2022/02/Foto_Central_Croped-1768x2048.jpg 1768w" sizes="(max-width: 884px) 100vw, 884px" /><figcaption class="wp-element-caption">Retrato de Maria Callas em nanquim e guache sobre papel<br>Artista: <a href="https://www.instagram.com/livingmurs/" target="_blank" rel="noreferrer noopener">Livingmurs</a></figcaption></figure></div>


<p>Maria Callas Nasceu em 2 de dezembro de 1923, em Nova Iorque. Filha de imigrantes gregos, chamava-se Maria Sophia Anna Cecília Kalogeropoulus.</p>



<p>O 24º Concurso Brasileiro de Canto Maria Callas será realizado de 15 a 22 de março de 2026, nas cidades de São Paulo e Jacareí.</p>



<p>Poderão participar todos os cantores brasileiros e latino-americanos entre 18 e 40 anos de idade (na fase eliminatória remota), residentes ou não em seus países. Cantores de outras nacionalidades poderão se inscrever, desde que residentes em território brasileiro há mais de seis meses.</p>



<p>A fase eliminatória será remota. Ou seja, por meio de vídeo gravado pelos candidatos que serão avaliados por uma comissão interna da Cia Ópera São Paulo e da Amigos da Cia Ópera São Paulo.</p>



<p>No dia 19/12/2025 será divulgada a lista de candidatos selecionados para participar presencialmente da fase semifinal em São Paulo.</p>



<div class="wp-block-buttons is-layout-flex wp-block-buttons-is-layout-flex">
<div class="wp-block-button has-custom-font-size is-style-outline has-medium-font-size"><a class="wp-block-button__link has-cyan-bluish-gray-background-color has-text-color has-background has-link-color wp-element-button" href="https://www.ciaopera.com.br/?page_id=1020" style="color:#7d0808" target="_blank" rel="noreferrer noopener">Semifinalistas</a></div>



<div class="wp-block-button has-custom-font-size is-style-outline has-medium-font-size"><a class="wp-block-button__link has-cyan-bluish-gray-background-color has-text-color has-background has-link-color wp-element-button" href="https://www.ciaopera.com.br/?page_id=1023" style="color:#7d0808" target="_blank" rel="noreferrer noopener">Participantes</a></div>



<div class="wp-block-button has-custom-font-size is-style-outline has-medium-font-size"><a class="wp-block-button__link has-cyan-bluish-gray-background-color has-text-color has-background has-link-color wp-element-button" href="https://www.ciaopera.com.br/wp-content/uploads/2025/09/Reg_Conc-Callas-2026_PT.pdf" style="color:#7d0808" target="_blank" rel="noreferrer noopener">Regulamento Português</a></div>



<div class="wp-block-button has-custom-font-size is-style-outline has-medium-font-size"><a class="wp-block-button__link has-cyan-bluish-gray-background-color has-text-color has-background has-link-color wp-element-button" href="https://www.ciaopera.com.br/wp-content/uploads/2025/09/Reglamento-Callas-2026_ES.pdf" style="color:#7d0808" target="_blank" rel="noreferrer noopener">Reglamento Español</a></div>



<div class="wp-block-button has-custom-font-size is-style-outline has-medium-font-size"><a class="wp-block-button__link has-cyan-bluish-gray-background-color has-text-color has-background has-link-color wp-element-button" href="https://www.emailmeform.com/builder/form/Crq1F8VdL257TUay0pDYMvuB" style="color:#7d0808" target="_blank" rel="noreferrer noopener">Inscrição</a></div>
</div>

<p>Maria Callas Nasceu em 2 de dezembro de 1923, em Nova Iorque. Filha de imigrantes gregos, chamava-se Maria Sophia Anna Cecília Kalogeropoulus. O 24º Concurso Brasileiro de Canto Maria Callas será realizado de 15 a 22 de março de 2026, nas cidades de São Paulo e Jacareí. Poderão participar todos os cantores brasileiros e latino-americanos&hellip; </p>
