{"id":203,"date":"2016-02-07T03:14:59","date_gmt":"2016-02-07T03:14:59","guid":{"rendered":"http:\/\/ciaopera.com.br\/site2013\/?page_id=203"},"modified":"2024-09-29T19:48:07","modified_gmt":"2024-09-29T22:48:07","slug":"home","status":"publish","type":"page","link":"https:\/\/www.ciaopera.com.br\/","title":{"rendered":""},"content":{"rendered":"\n<div class=\"wp-block-columns is-layout-flex wp-container-core-columns-is-layout-1 wp-block-columns-is-layout-flex\">\n<div class=\"wp-block-column is-layout-flow wp-block-column-is-layout-flow\" style=\"flex-basis:100%\">\n<p class=\"has-text-align-left\" style=\"font-size:18px\">Criada em 1991 por Paulo Abr\u00e3o Esper, a Cia \u00d3pera S\u00e3o Paulo, acumula mais de 1700<br>espet\u00e1culos entre encena\u00e7\u00f5es de \u00f3peras, recitais e concertos com os mais renomados<br>cantores e m\u00fasicos brasileiros, juntamente com as principais vozes da cena l\u00edrica<br>internacional.<\/p>\n<\/div>\n<\/div>\n\n\n\n<p style=\"font-size:18px\">Em 1993 idealizou e, desde ent\u00e3o, realiza o Concurso Brasileiro de Canto Maria Callas<br>que j\u00e1 revelou \u00e0 cena l\u00edrica importantes vozes. E trouxe consagrados cantores l\u00edricos,<br>renomados cr\u00edticos, diretores art\u00edsticos, editores de revistas especializadas, agentes<br>art\u00edsticos e empres\u00e1rios para compor a banca de jurados.<\/p>\n\n\n\n<p style=\"font-size:18px\">Produz a S\u00e9rie Grandes Vozes que, desde 1997, traz ao Brasil artistas consagrados<br>para confer\u00eancias, m\u00e1ster classes, recitais e concertos.<\/p>\n\n\n\n<p style=\"font-size:18px\">Nosso objetivo \u00e9 contribuir com os jovens cantores para a integra\u00e7\u00e3o com o mundo da<br>\u00f3pera, proporcionando experi\u00eancias que auxiliem na forma\u00e7\u00e3o de uma carreira s\u00f3lida<br>em nosso pa\u00eds e no exterior. Trabalhamos pelos jovens artistas e contribu\u00edmos para a<br>preserva\u00e7\u00e3o e divulga\u00e7\u00e3o da \u00f3pera em nossa sociedade.<\/p>\n","protected":false},"excerpt":{"rendered":"<p>Criada em 1991 por Paulo Abr\u00e3o Esper, a Cia \u00d3pera S\u00e3o Paulo, acumula mais de 1700espet\u00e1culos entre encena\u00e7\u00f5es de \u00f3peras, recitais e concertos com os mais renomadoscantores e m\u00fasicos brasileiros, juntamente com as principais vozes da cena l\u00edricainternacional. Em 1993 idealizou e, desde ent\u00e3o, realiza o Concurso Brasileiro de Canto Maria Callasque j\u00e1 revelou \u00e0&hellip; <\/p>\n","protected":false},"author":1,"featured_media":0,"parent":0,"menu_order":0,"comment_status":"closed","ping_status":"closed","template":"","meta":{"footnotes":""},"_links":{"self":[{"href":"https:\/\/www.ciaopera.com.br\/index.php?rest_route=\/wp\/v2\/pages\/203"}],"collection":[{"href":"https:\/\/www.ciaopera.com.br\/index.php?rest_route=\/wp\/v2\/pages"}],"about":[{"href":"https:\/\/www.ciaopera.com.br\/index.php?rest_route=\/wp\/v2\/types\/page"}],"author":[{"embeddable":true,"href":"https:\/\/www.ciaopera.com.br\/index.php?rest_route=\/wp\/v2\/users\/1"}],"replies":[{"embeddable":true,"href":"https:\/\/www.ciaopera.com.br\/index.php?rest_route=%2Fwp%2Fv2%2Fcomments&post=203"}],"version-history":[{"count":31,"href":"https:\/\/www.ciaopera.com.br\/index.php?rest_route=\/wp\/v2\/pages\/203\/revisions"}],"predecessor-version":[{"id":966,"href":"https:\/\/www.ciaopera.com.br\/index.php?rest_route=\/wp\/v2\/pages\/203\/revisions\/966"}],"wp:attachment":[{"href":"https:\/\/www.ciaopera.com.br\/index.php?rest_route=%2Fwp%2Fv2%2Fmedia&parent=203"}],"curies":[{"name":"wp","href":"https:\/\/api.w.org\/{rel}","templated":true}]}}