{"id":793,"date":"2022-03-31T09:55:41","date_gmt":"2022-03-31T12:55:41","guid":{"rendered":"https:\/\/www.ciaopera.com.br\/?page_id=793"},"modified":"2022-05-30T12:53:56","modified_gmt":"2022-05-30T15:53:56","slug":"finalistas-20o-concurso-brasileiro-de-canto-maria-callas","status":"publish","type":"page","link":"https:\/\/www.ciaopera.com.br\/?page_id=793","title":{"rendered":"Finalistas 20\u00ba Concurso Brasileiro de Canto Maria Callas"},"content":{"rendered":"\n<p>Primeiramente gostar\u00edamos de parabenizar a cada um pelo empenho e dedica\u00e7\u00e3o para participar do Concurso, bem como agradecer a confian\u00e7a em nosso trabalho e credibilidade depositada no Concurso Brasileiro de Canto Maria Callas.<\/p>\n\n\n\n<figure class=\"wp-block-table is-style-stripes\"><table><thead><tr><th class=\"has-text-align-center\" data-align=\"center\">Inscri\u00e7\u00e3o<\/th><th class=\"has-text-align-center\" data-align=\"center\">Nome<\/th><th class=\"has-text-align-center\" data-align=\"center\">Naturalidade<\/th><th class=\"has-text-align-center\" data-align=\"center\">Classifica\u00e7\u00e3o Vocal<\/th><\/tr><\/thead><tbody><tr><td class=\"has-text-align-center\" data-align=\"center\">01<\/td><td class=\"has-text-align-center\" data-align=\"center\">Carlos Ar\u00e1mbula<\/td><td class=\"has-text-align-center\" data-align=\"center\">M\u00e9xico<\/td><td class=\"has-text-align-center\" data-align=\"center\">Bar\u00edtono<\/td><\/tr><tr><td class=\"has-text-align-center\" data-align=\"center\">05<\/td><td class=\"has-text-align-center\" data-align=\"center\">Itzeli J\u00e1uregui<\/td><td class=\"has-text-align-center\" data-align=\"center\">M\u00e9xico<\/td><td class=\"has-text-align-center\" data-align=\"center\">Mezzo-soprano<\/td><\/tr><tr><td class=\"has-text-align-center\" data-align=\"center\">21<\/td><td class=\"has-text-align-center\" data-align=\"center\">Jo\u00e3o Luiz Junior<\/td><td class=\"has-text-align-center\" data-align=\"center\">Paran\u00e1<\/td><td class=\"has-text-align-center\" data-align=\"center\">Contratenor<\/td><\/tr><tr><td class=\"has-text-align-center\" data-align=\"center\">27<\/td><td class=\"has-text-align-center\" data-align=\"center\">Laura G\u00f3mez<\/td><td class=\"has-text-align-center\" data-align=\"center\">Col\u00f4mbia<\/td><td class=\"has-text-align-center\" data-align=\"center\">Soprano<\/td><\/tr><tr><td class=\"has-text-align-center\" data-align=\"center\">28<\/td><td class=\"has-text-align-center\" data-align=\"center\">Tenantzin Cruz<\/td><td class=\"has-text-align-center\" data-align=\"center\">M\u00e9xico<\/td><td class=\"has-text-align-center\" data-align=\"center\">Soprano<\/td><\/tr><tr><td class=\"has-text-align-center\" data-align=\"center\">37<\/td><td class=\"has-text-align-center\" data-align=\"center\">Carlos Eduardo Santos<\/td><td class=\"has-text-align-center\" data-align=\"center\">Bahia<\/td><td class=\"has-text-align-center\" data-align=\"center\">Tenor<\/td><\/tr><tr><td class=\"has-text-align-center\" data-align=\"center\">38<\/td><td class=\"has-text-align-center\" data-align=\"center\">Daiane Scales<\/td><td class=\"has-text-align-center\" data-align=\"center\">Daiane Scales<\/td><td class=\"has-text-align-center\" data-align=\"center\">Soprano<\/td><\/tr><tr><td class=\"has-text-align-center\" data-align=\"center\">41<\/td><td class=\"has-text-align-center\" data-align=\"center\">Carol Braga<\/td><td class=\"has-text-align-center\" data-align=\"center\">Rio Grande do Sul<\/td><td class=\"has-text-align-center\" data-align=\"center\">Mezzo-soprano<\/td><\/tr><tr><td class=\"has-text-align-center\" data-align=\"center\">43<\/td><td class=\"has-text-align-center\" data-align=\"center\">Alejandra Borrego<\/td><td class=\"has-text-align-center\" data-align=\"center\">M\u00e9xico<\/td><td class=\"has-text-align-center\" data-align=\"center\">Soprano<\/td><\/tr><tr><td class=\"has-text-align-center\" data-align=\"center\">53<\/td><td class=\"has-text-align-center\" data-align=\"center\">Julia Martins Solomon<\/td><td class=\"has-text-align-center\" data-align=\"center\">Minas Gerais<\/td><td class=\"has-text-align-center\" data-align=\"center\">Mezzo-soprano<\/td><\/tr><tr><td class=\"has-text-align-center\" data-align=\"center\">56<\/td><td class=\"has-text-align-center\" data-align=\"center\">Isaque Oliveira<\/td><td class=\"has-text-align-center\" data-align=\"center\">S\u00e3o Paulo<\/td><td class=\"has-text-align-center\" data-align=\"center\">Bar\u00edtono<\/td><\/tr><tr><td class=\"has-text-align-center\" data-align=\"center\">70<\/td><td class=\"has-text-align-center\" data-align=\"center\">Guilherme Moreira<\/td><td class=\"has-text-align-center\" data-align=\"center\">Rio de Janeiro<\/td><td class=\"has-text-align-center\" data-align=\"center\">Tenor<\/td><\/tr><tr><td class=\"has-text-align-center\" data-align=\"center\">86<\/td><td class=\"has-text-align-center\" data-align=\"center\">Ana Beatriz Machado<\/td><td class=\"has-text-align-center\" data-align=\"center\">Minas Gerais<\/td><td class=\"has-text-align-center\" data-align=\"center\">Soprano<\/td><\/tr><tr><td class=\"has-text-align-center\" data-align=\"center\">87<\/td><td class=\"has-text-align-center\" data-align=\"center\">Candela Gotelli<\/td><td class=\"has-text-align-center\" data-align=\"center\">Argentina<\/td><td class=\"has-text-align-center\" data-align=\"center\">Soprano<\/td><\/tr><tr><td class=\"has-text-align-center\" data-align=\"center\">91<\/td><td class=\"has-text-align-center\" data-align=\"center\">Fernanda Allande<\/td><td class=\"has-text-align-center\" data-align=\"center\">M\u00e9xico<\/td><td class=\"has-text-align-center\" data-align=\"center\">Soprano<\/td><\/tr><tr><td class=\"has-text-align-center\" data-align=\"center\">95<\/td><td class=\"has-text-align-center\" data-align=\"center\">Erika Henriques<\/td><td class=\"has-text-align-center\" data-align=\"center\">Rio de Janeiro<\/td><td class=\"has-text-align-center\" data-align=\"center\">Mezzo-soprano<\/td><\/tr><\/tbody><\/table><figcaption>Finalistas<\/figcaption><\/figure>\n\n\n\n<p>Os seguintes dados podem ser observados:<br><strong>Pa\u00edses Participantes na Final<\/strong><\/p>\n\n\n\n<figure class=\"wp-block-table is-style-stripes\"><table><thead><tr><th class=\"has-text-align-center\" data-align=\"center\">Total Pa\u00edses<\/th><th class=\"has-text-align-center\" data-align=\"center\">Pa\u00eds<\/th><th class=\"has-text-align-center\" data-align=\"center\">Total<\/th><\/tr><\/thead><tbody><tr><td class=\"has-text-align-center\" data-align=\"center\">1<\/td><td class=\"has-text-align-center\" data-align=\"center\">Argentina<\/td><td class=\"has-text-align-center\" data-align=\"center\">1<\/td><\/tr><tr><td class=\"has-text-align-center\" data-align=\"center\">2<\/td><td class=\"has-text-align-center\" data-align=\"center\">Col\u00f4mbia<\/td><td class=\"has-text-align-center\" data-align=\"center\">1<\/td><\/tr><tr><td class=\"has-text-align-center\" data-align=\"center\">3<\/td><td class=\"has-text-align-center\" data-align=\"center\">M\u00e9xico<\/td><td class=\"has-text-align-center\" data-align=\"center\">5<\/td><\/tr><tr><td class=\"has-text-align-center\" data-align=\"center\">4<\/td><td class=\"has-text-align-center\" data-align=\"center\">Brasil<\/td><td class=\"has-text-align-center\" data-align=\"center\">9<\/td><\/tr><tr><td class=\"has-text-align-center\" data-align=\"center\"><\/td><td class=\"has-text-align-center\" data-align=\"center\"><strong>Total Geral<\/strong><\/td><td class=\"has-text-align-center\" data-align=\"center\"><strong>16<\/strong><\/td><\/tr><tr><td class=\"has-text-align-center\" data-align=\"center\"><\/td><td class=\"has-text-align-center\" data-align=\"center\"><strong>Total Latino Americanos<\/strong><\/td><td class=\"has-text-align-center\" data-align=\"center\"><strong>7<\/strong><\/td><\/tr><tr><td class=\"has-text-align-center\" data-align=\"center\"><\/td><td class=\"has-text-align-center\" data-align=\"center\"><strong>Total Brasileiros<\/strong><\/td><td class=\"has-text-align-center\" data-align=\"center\"><strong>9<\/strong><\/td><\/tr><\/tbody><\/table><figcaption>Pa\u00edses<\/figcaption><\/figure>\n\n\n\n<p><strong>Estados Brasileiros Participantes na Final<\/strong><\/p>\n\n\n\n<figure class=\"wp-block-table is-style-stripes\"><table><thead><tr><th class=\"has-text-align-center\" data-align=\"center\">Total Estados<\/th><th class=\"has-text-align-center\" data-align=\"center\">Estados Brasileiros<\/th><th class=\"has-text-align-center\" data-align=\"center\">Total<\/th><\/tr><\/thead><tbody><tr><td class=\"has-text-align-center\" data-align=\"center\">1<\/td><td class=\"has-text-align-center\" data-align=\"center\">Bahia<\/td><td class=\"has-text-align-center\" data-align=\"center\">1<\/td><\/tr><tr><td class=\"has-text-align-center\" data-align=\"center\">2<\/td><td class=\"has-text-align-center\" data-align=\"center\">Minas Gerais<\/td><td class=\"has-text-align-center\" data-align=\"center\">1<\/td><\/tr><tr><td class=\"has-text-align-center\" data-align=\"center\">3<\/td><td class=\"has-text-align-center\" data-align=\"center\">Paran\u00e1<\/td><td class=\"has-text-align-center\" data-align=\"center\">1<\/td><\/tr><tr><td class=\"has-text-align-center\" data-align=\"center\">4<\/td><td class=\"has-text-align-center\" data-align=\"center\">Rio de Janeiro<\/td><td class=\"has-text-align-center\" data-align=\"center\">2<\/td><\/tr><tr><td class=\"has-text-align-center\" data-align=\"center\">5<\/td><td class=\"has-text-align-center\" data-align=\"center\">Rio Grande do Sul<\/td><td class=\"has-text-align-center\" data-align=\"center\"><\/td><\/tr><tr><td class=\"has-text-align-center\" data-align=\"center\">6<\/td><td class=\"has-text-align-center\" data-align=\"center\">S\u00e3o Paulo<\/td><td class=\"has-text-align-center\" data-align=\"center\">4<\/td><\/tr><tr><td class=\"has-text-align-center\" data-align=\"center\"><strong>6<\/strong><\/td><td class=\"has-text-align-center\" data-align=\"center\"><strong>Total<\/strong><\/td><td class=\"has-text-align-center\" data-align=\"center\"><strong>10<\/strong><\/td><\/tr><\/tbody><\/table><figcaption>Estados Brasileiros na Final<\/figcaption><\/figure>\n\n\n\n<p><strong>Vozes na Final<\/strong><\/p>\n\n\n\n<figure class=\"wp-block-table is-style-stripes\"><table><thead><tr><th class=\"has-text-align-center\" data-align=\"center\">Vozes<\/th><th class=\"has-text-align-center\" data-align=\"center\">Total<\/th><\/tr><\/thead><tbody><tr><td class=\"has-text-align-center\" data-align=\"center\">Bar\u00edtonos<\/td><td class=\"has-text-align-center\" data-align=\"center\">2<\/td><\/tr><tr><td class=\"has-text-align-center\" data-align=\"center\">Contratenor<\/td><td class=\"has-text-align-center\" data-align=\"center\">1<\/td><\/tr><tr><td class=\"has-text-align-center\" data-align=\"center\">Mezzo-sopranos<\/td><td class=\"has-text-align-center\" data-align=\"center\">4<\/td><\/tr><tr><td class=\"has-text-align-center\" data-align=\"center\">Sopranos<\/td><td class=\"has-text-align-center\" data-align=\"center\">7<\/td><\/tr><tr><td class=\"has-text-align-center\" data-align=\"center\">Tenores<\/td><td class=\"has-text-align-center\" data-align=\"center\">2<\/td><\/tr><tr><td class=\"has-text-align-center\" data-align=\"center\"><strong>Total<\/strong><\/td><td class=\"has-text-align-center\" data-align=\"center\"><strong>16<\/strong><\/td><\/tr><\/tbody><\/table><figcaption>Vozes na Final<\/figcaption><\/figure>\n","protected":false},"excerpt":{"rendered":"<p>Primeiramente gostar\u00edamos de parabenizar a cada um pelo empenho e dedica\u00e7\u00e3o para participar do Concurso, bem como agradecer a confian\u00e7a em nosso trabalho e credibilidade depositada no Concurso Brasileiro de Canto Maria Callas. Inscri\u00e7\u00e3o Nome Naturalidade Classifica\u00e7\u00e3o Vocal 01 Carlos Ar\u00e1mbula M\u00e9xico Bar\u00edtono 05 Itzeli J\u00e1uregui M\u00e9xico Mezzo-soprano 21 Jo\u00e3o Luiz Junior Paran\u00e1 Contratenor 27&hellip; <\/p>\n","protected":false},"author":1,"featured_media":0,"parent":0,"menu_order":0,"comment_status":"closed","ping_status":"closed","template":"","meta":{"footnotes":""},"_links":{"self":[{"href":"https:\/\/www.ciaopera.com.br\/index.php?rest_route=\/wp\/v2\/pages\/793"}],"collection":[{"href":"https:\/\/www.ciaopera.com.br\/index.php?rest_route=\/wp\/v2\/pages"}],"about":[{"href":"https:\/\/www.ciaopera.com.br\/index.php?rest_route=\/wp\/v2\/types\/page"}],"author":[{"embeddable":true,"href":"https:\/\/www.ciaopera.com.br\/index.php?rest_route=\/wp\/v2\/users\/1"}],"replies":[{"embeddable":true,"href":"https:\/\/www.ciaopera.com.br\/index.php?rest_route=%2Fwp%2Fv2%2Fcomments&post=793"}],"version-history":[{"count":2,"href":"https:\/\/www.ciaopera.com.br\/index.php?rest_route=\/wp\/v2\/pages\/793\/revisions"}],"predecessor-version":[{"id":799,"href":"https:\/\/www.ciaopera.com.br\/index.php?rest_route=\/wp\/v2\/pages\/793\/revisions\/799"}],"wp:attachment":[{"href":"https:\/\/www.ciaopera.com.br\/index.php?rest_route=%2Fwp%2Fv2%2Fmedia&parent=793"}],"curies":[{"name":"wp","href":"https:\/\/api.w.org\/{rel}","templated":true}]}}