{"id":831,"date":"2022-12-28T00:00:00","date_gmt":"2022-12-28T02:00:00","guid":{"rendered":"https:\/\/www.ciaopera.com.br\/?page_id=831"},"modified":"2024-03-27T16:29:58","modified_gmt":"2024-03-27T19:29:58","slug":"concurso-maria-callas-2023","status":"publish","type":"page","link":"https:\/\/www.ciaopera.com.br\/?page_id=831","title":{"rendered":"21\u00ba Concurso Maria Callas (1923-2023) &#8211; Edi\u00e7\u00e3o do Centen\u00e1rio"},"content":{"rendered":"<div class=\"wp-block-image\">\n<figure class=\"aligncenter size-medium is-resized\"><a href=\"https:\/\/www.instagram.com\/livingmurs\/\"><img loading=\"lazy\" decoding=\"async\" width=\"259\" height=\"300\" src=\"https:\/\/www.ciaopera.com.br\/wp-content\/uploads\/2022\/02\/Foto_Central_Croped-259x300.jpg\" alt=\"\" class=\"wp-image-788\" style=\"width:468px;height:542px\" srcset=\"https:\/\/www.ciaopera.com.br\/wp-content\/uploads\/2022\/02\/Foto_Central_Croped-259x300.jpg 259w, https:\/\/www.ciaopera.com.br\/wp-content\/uploads\/2022\/02\/Foto_Central_Croped-884x1024.jpg 884w, https:\/\/www.ciaopera.com.br\/wp-content\/uploads\/2022\/02\/Foto_Central_Croped-768x890.jpg 768w, https:\/\/www.ciaopera.com.br\/wp-content\/uploads\/2022\/02\/Foto_Central_Croped-1326x1536.jpg 1326w, https:\/\/www.ciaopera.com.br\/wp-content\/uploads\/2022\/02\/Foto_Central_Croped-1768x2048.jpg 1768w\" sizes=\"(max-width: 259px) 100vw, 259px\" \/><\/a><figcaption class=\"wp-element-caption\">Retrato de Maria Callas em nanquim e guache sobre papel<br>Artista: <a href=\"https:\/\/www.instagram.com\/livingmurs\/\" target=\"_blank\" rel=\"noreferrer noopener\">Livingmurs<\/a><\/figcaption><\/figure><\/div>\n\n\n<p>Maria Callas Nasceu em 2 de dezembro de 1923, em Nova Iorque. Filha de imigrantes gregos, chamava-se Maria Sophia Anna Cec\u00edlia Kalogeropoulus.<\/p>\n\n\n\n<p>Esta edi\u00e7\u00e3o do concurso ser\u00e1 em comemora\u00e7\u00e3o ao centen\u00e1rio de nascimento desta diva da \u00f3pera.<\/p>\n\n\n\n<p>O 21\u00ba Concurso Brasileiro de Canto Maria Callas (1923-2023) &#8211; Edi\u00e7\u00e3o do Centen\u00e1rio ser\u00e1 realizado de 26 de mar\u00e7o a 2 de abril de 2023, nas cidades de S\u00e3o Paulo e Jacare\u00ed. <\/p>\n\n\n\n<p>Poder\u00e3o participar todos os cantores l\u00edricos brasileiros e latino-americanos entre 18 e 40 anos de idade, residentes ou n\u00e3o em seus pa\u00edses. Cantores de outras nacionalidades poder\u00e3o se inscrever, desde que residentes em territ\u00f3rio brasileiro h\u00e1 mais de seis meses.<\/p>\n\n\n\n<p>A fase eliminat\u00f3ria ser\u00e1 remota. Ou seja, por meio de v\u00eddeo gravado pelos candidatos que ser\u00e3o avaliados por uma comiss\u00e3o interna da Cia \u00d3pera S\u00e3o Paulo e da Amigos da Cia \u00d3pera S\u00e3o Paulo.<\/p>\n\n\n\n<p>No dia 28\/12\/2022 ser\u00e1 divulgada a lista de candidatos selecionados para participar presencialmente da fase semifinal em S\u00e3o Paulo.<\/p>\n\n\n\n<div class=\"wp-block-buttons is-layout-flex wp-block-buttons-is-layout-flex\">\n<div class=\"wp-block-button has-custom-font-size is-style-outline has-medium-font-size\"><a class=\"wp-block-button__link has-text-color has-background wp-element-button\" href=\"https:\/\/www.ciaopera.com.br\/?page_id=883\" style=\"color:#7d0808;background:linear-gradient(347deg,rgb(238,238,238) 0%,rgb(169,184,195) 100%)\">Vencedores<\/a><\/div>\n\n\n\n<div class=\"wp-block-button has-custom-font-size is-style-outline has-medium-font-size\"><a class=\"wp-block-button__link has-text-color has-background wp-element-button\" href=\"https:\/\/www.ciaopera.com.br\/?page_id=880\" style=\"color:#7d0808;background:linear-gradient(347deg,rgb(238,238,238) 0%,rgb(169,184,195) 100%)\">Finalistas<\/a><\/div>\n\n\n\n<div class=\"wp-block-button has-custom-font-size is-style-outline has-medium-font-size\"><a class=\"wp-block-button__link has-text-color has-background wp-element-button\" href=\"https:\/\/www.ciaopera.com.br\/?page_id=852\" style=\"color:#7d0808;background:linear-gradient(347deg,rgb(238,238,238) 0%,rgb(169,184,195) 100%)\">Semifinalistas<\/a><\/div>\n\n\n\n<div class=\"wp-block-button has-custom-font-size is-style-outline has-medium-font-size\"><a class=\"wp-block-button__link has-text-color has-background wp-element-button\" href=\"https:\/\/www.ciaopera.com.br\/?page_id=875\" style=\"color:#7d0808;background:linear-gradient(347deg,rgb(238,238,238) 0%,rgb(169,184,195) 100%)\">Programa\u00e7\u00e3o<\/a><\/div>\n\n\n\n<div class=\"wp-block-button has-custom-font-size is-style-outline has-medium-font-size\"><a class=\"wp-block-button__link has-text-color has-background wp-element-button\" href=\"https:\/\/www.ciaopera.com.br\/?page_id=872\" style=\"color:#7d0808;background:linear-gradient(347deg,rgb(238,238,238) 0%,rgb(169,184,195) 100%)\">Jurados<\/a><\/div>\n\n\n\n<div class=\"wp-block-button has-custom-font-size is-style-outline has-medium-font-size\"><a class=\"wp-block-button__link has-text-color has-background wp-element-button\" href=\"https:\/\/www.ciaopera.com.br\/?page_id=849\" style=\"color:#7d0808;background:linear-gradient(347deg,rgb(238,238,238) 0%,rgb(169,184,195) 100%)\">Participantes<\/a><\/div>\n\n\n\n<div class=\"wp-block-button has-custom-font-size is-style-outline has-small-font-size\"><a class=\"wp-block-button__link has-text-color has-background wp-element-button\" href=\"https:\/\/www.ciaopera.com.br\/wp-content\/uploads\/2022\/10\/Reg_Conc-Callas-2023_PT.pdf\" style=\"color:#7d0808;background:linear-gradient(347deg,rgb(238,238,238) 0%,rgb(169,184,195) 100%)\" target=\"_blank\" rel=\"noreferrer noopener\">Regulamento Portugu\u00eas<\/a><\/div>\n\n\n\n<div class=\"wp-block-button has-custom-font-size is-style-outline has-small-font-size\"><a class=\"wp-block-button__link has-text-color has-background wp-element-button\" href=\"https:\/\/www.ciaopera.com.br\/wp-content\/uploads\/2022\/10\/Reglamento-Callas-2023_ES.pdf\" style=\"color:#7d0808;background:linear-gradient(347deg,rgb(238,238,238) 0%,rgb(169,184,195) 100%)\" target=\"_blank\" rel=\"noreferrer noopener\">Reglamento Espa\u00f1ol<\/a><\/div>\n<\/div>\n\n\n\n<p><\/p>\n","protected":false},"excerpt":{"rendered":"<p>Maria Callas Nasceu em 2 de dezembro de 1923, em Nova Iorque. Filha de imigrantes gregos, chamava-se Maria Sophia Anna Cec\u00edlia Kalogeropoulus. Esta edi\u00e7\u00e3o do concurso ser\u00e1 em comemora\u00e7\u00e3o ao centen\u00e1rio de nascimento desta diva da \u00f3pera. O 21\u00ba Concurso Brasileiro de Canto Maria Callas (1923-2023) &#8211; Edi\u00e7\u00e3o do Centen\u00e1rio ser\u00e1 realizado de 26 de&hellip; <\/p>\n","protected":false},"author":1,"featured_media":0,"parent":0,"menu_order":0,"comment_status":"closed","ping_status":"closed","template":"","meta":{"footnotes":""},"_links":{"self":[{"href":"https:\/\/www.ciaopera.com.br\/index.php?rest_route=\/wp\/v2\/pages\/831"}],"collection":[{"href":"https:\/\/www.ciaopera.com.br\/index.php?rest_route=\/wp\/v2\/pages"}],"about":[{"href":"https:\/\/www.ciaopera.com.br\/index.php?rest_route=\/wp\/v2\/types\/page"}],"author":[{"embeddable":true,"href":"https:\/\/www.ciaopera.com.br\/index.php?rest_route=\/wp\/v2\/users\/1"}],"replies":[{"embeddable":true,"href":"https:\/\/www.ciaopera.com.br\/index.php?rest_route=%2Fwp%2Fv2%2Fcomments&post=831"}],"version-history":[{"count":14,"href":"https:\/\/www.ciaopera.com.br\/index.php?rest_route=\/wp\/v2\/pages\/831\/revisions"}],"predecessor-version":[{"id":947,"href":"https:\/\/www.ciaopera.com.br\/index.php?rest_route=\/wp\/v2\/pages\/831\/revisions\/947"}],"wp:attachment":[{"href":"https:\/\/www.ciaopera.com.br\/index.php?rest_route=%2Fwp%2Fv2%2Fmedia&parent=831"}],"curies":[{"name":"wp","href":"https:\/\/api.w.org\/{rel}","templated":true}]}}

21º Concurso Maria Callas (1923-2023) &#8211; Edição do Centenário

<div class="wp-block-image">
<figure class="aligncenter size-medium is-resized"><a href="https://www.instagram.com/livingmurs/"><img loading="lazy" decoding="async" width="259" height="300" src="https://www.ciaopera.com.br/wp-content/uploads/2022/02/Foto_Central_Croped-259x300.jpg" alt="" class="wp-image-788" style="width:468px;height:542px" srcset="https://www.ciaopera.com.br/wp-content/uploads/2022/02/Foto_Central_Croped-259x300.jpg 259w, https://www.ciaopera.com.br/wp-content/uploads/2022/02/Foto_Central_Croped-884x1024.jpg 884w, https://www.ciaopera.com.br/wp-content/uploads/2022/02/Foto_Central_Croped-768x890.jpg 768w, https://www.ciaopera.com.br/wp-content/uploads/2022/02/Foto_Central_Croped-1326x1536.jpg 1326w, https://www.ciaopera.com.br/wp-content/uploads/2022/02/Foto_Central_Croped-1768x2048.jpg 1768w" sizes="(max-width: 259px) 100vw, 259px" /></a><figcaption class="wp-element-caption">Retrato de Maria Callas em nanquim e guache sobre papel<br>Artista: <a href="https://www.instagram.com/livingmurs/" target="_blank" rel="noreferrer noopener">Livingmurs</a></figcaption></figure></div>


<p>Maria Callas Nasceu em 2 de dezembro de 1923, em Nova Iorque. Filha de imigrantes gregos, chamava-se Maria Sophia Anna Cecília Kalogeropoulus.</p>



<p>Esta edição do concurso será em comemoração ao centenário de nascimento desta diva da ópera.</p>



<p>O 21º Concurso Brasileiro de Canto Maria Callas (1923-2023) &#8211; Edição do Centenário será realizado de 26 de março a 2 de abril de 2023, nas cidades de São Paulo e Jacareí. </p>



<p>Poderão participar todos os cantores líricos brasileiros e latino-americanos entre 18 e 40 anos de idade, residentes ou não em seus países. Cantores de outras nacionalidades poderão se inscrever, desde que residentes em território brasileiro há mais de seis meses.</p>



<p>A fase eliminatória será remota. Ou seja, por meio de vídeo gravado pelos candidatos que serão avaliados por uma comissão interna da Cia Ópera São Paulo e da Amigos da Cia Ópera São Paulo.</p>



<p>No dia 28/12/2022 será divulgada a lista de candidatos selecionados para participar presencialmente da fase semifinal em São Paulo.</p>



<div class="wp-block-buttons is-layout-flex wp-block-buttons-is-layout-flex">
<div class="wp-block-button has-custom-font-size is-style-outline has-medium-font-size"><a class="wp-block-button__link has-text-color has-background wp-element-button" href="https://www.ciaopera.com.br/?page_id=883" style="color:#7d0808;background:linear-gradient(347deg,rgb(238,238,238) 0%,rgb(169,184,195) 100%)">Vencedores</a></div>



<div class="wp-block-button has-custom-font-size is-style-outline has-medium-font-size"><a class="wp-block-button__link has-text-color has-background wp-element-button" href="https://www.ciaopera.com.br/?page_id=880" style="color:#7d0808;background:linear-gradient(347deg,rgb(238,238,238) 0%,rgb(169,184,195) 100%)">Finalistas</a></div>



<div class="wp-block-button has-custom-font-size is-style-outline has-medium-font-size"><a class="wp-block-button__link has-text-color has-background wp-element-button" href="https://www.ciaopera.com.br/?page_id=852" style="color:#7d0808;background:linear-gradient(347deg,rgb(238,238,238) 0%,rgb(169,184,195) 100%)">Semifinalistas</a></div>



<div class="wp-block-button has-custom-font-size is-style-outline has-medium-font-size"><a class="wp-block-button__link has-text-color has-background wp-element-button" href="https://www.ciaopera.com.br/?page_id=875" style="color:#7d0808;background:linear-gradient(347deg,rgb(238,238,238) 0%,rgb(169,184,195) 100%)">Programação</a></div>



<div class="wp-block-button has-custom-font-size is-style-outline has-medium-font-size"><a class="wp-block-button__link has-text-color has-background wp-element-button" href="https://www.ciaopera.com.br/?page_id=872" style="color:#7d0808;background:linear-gradient(347deg,rgb(238,238,238) 0%,rgb(169,184,195) 100%)">Jurados</a></div>



<div class="wp-block-button has-custom-font-size is-style-outline has-medium-font-size"><a class="wp-block-button__link has-text-color has-background wp-element-button" href="https://www.ciaopera.com.br/?page_id=849" style="color:#7d0808;background:linear-gradient(347deg,rgb(238,238,238) 0%,rgb(169,184,195) 100%)">Participantes</a></div>



<div class="wp-block-button has-custom-font-size is-style-outline has-small-font-size"><a class="wp-block-button__link has-text-color has-background wp-element-button" href="https://www.ciaopera.com.br/wp-content/uploads/2022/10/Reg_Conc-Callas-2023_PT.pdf" style="color:#7d0808;background:linear-gradient(347deg,rgb(238,238,238) 0%,rgb(169,184,195) 100%)" target="_blank" rel="noreferrer noopener">Regulamento Português</a></div>



<div class="wp-block-button has-custom-font-size is-style-outline has-small-font-size"><a class="wp-block-button__link has-text-color has-background wp-element-button" href="https://www.ciaopera.com.br/wp-content/uploads/2022/10/Reglamento-Callas-2023_ES.pdf" style="color:#7d0808;background:linear-gradient(347deg,rgb(238,238,238) 0%,rgb(169,184,195) 100%)" target="_blank" rel="noreferrer noopener">Reglamento Español</a></div>
</div>



<p></p>

<p>Maria Callas Nasceu em 2 de dezembro de 1923, em Nova Iorque. Filha de imigrantes gregos, chamava-se Maria Sophia Anna Cecília Kalogeropoulus. Esta edição do concurso será em comemoração ao centenário de nascimento desta diva da ópera. O 21º Concurso Brasileiro de Canto Maria Callas (1923-2023) &#8211; Edição do Centenário será realizado de 26 de&hellip; </p>
