{"id":872,"date":"2023-03-26T22:25:19","date_gmt":"2023-03-27T01:25:19","guid":{"rendered":"https:\/\/www.ciaopera.com.br\/?page_id=872"},"modified":"2023-03-26T22:26:25","modified_gmt":"2023-03-27T01:26:25","slug":"jurados","status":"publish","type":"page","link":"https:\/\/www.ciaopera.com.br\/?page_id=872","title":{"rendered":"Jurados &#8211; 21\u00ba Concurso Brasileiro de Canto Maria Callas (1923-2023) &#8211; Em homenagem ao Centen\u00e1rio de Nascimento"},"content":{"rendered":"\n<p><\/p>\n\n\n\n<p><strong>Presidente<\/strong><\/p>\n\n\n\n<p><strong>Luiz Fernando Malheiro (Brasil)<\/strong><br>Diretor Art\u00edstico e Regente Titular da Orquestra Amazonas Filarm\u00f4nica, Diretor Art\u00edstico do Festival Amazonas de \u00d3pera &#8211; FAO (Manaus)<\/p>\n\n\n\n<p><strong>Vogais<\/strong><\/p>\n\n\n\n<p><strong>Anna Maria Meo (It\u00e1lia)<br><\/strong>Diretora Geral do Teatro R\u00e9gio de Parma, Diretora Art\u00edstica do Festival Verdi e Concorso Voci Verdiane (2015 a 2022). Presidente \u00d3pera Europa (janeiro 2023).<\/p>\n\n\n\n<p><strong>Eiko Senda (Jap\u00e3o)<br><\/strong>Soprano com carreira internacional em importantes teatros, professora, vencedora da 5\u00aa edi\u00e7\u00e3o (2001) do Concurso Brasileiro de Canto Maria Callas.<\/p>\n\n\n\n<p><strong>Fabiana Crepaldi (Brasil)<br><\/strong>Cr\u00edtica e Correspondente das revistas eletr\u00f4nicas Pr\u00f3-\u00d3pera (M\u00e9xico), L\u2019Ape Musicale (It\u00e1lia), cofundadora do site Notas Musicais e Membro do Conselho da Amigos da Cia. \u00d3pera S\u00e3o Paulo<\/p>\n\n\n\n<p><strong>Jos\u00e9 Velasco (Espanha)<br><\/strong>Empres\u00e1rio Art\u00edstico e Assessor de Teatros de \u00d3pera<\/p>\n\n\n\n<p><strong>Andr\u00e9 Heller Lopes (Brasil)<br><\/strong>Encenador de \u00f3pera, professor da Escola de M\u00fasica da UFRJ, membro da diretoria do F\u00f3rum Brasileiro de \u00d3pera, Dan\u00e7a e M\u00fasica de Concerto.<\/p>\n\n\n\n<p><strong>Jorge Coli (Brasil)<\/strong><br>Professor, Cr\u00edtico Musical e Libretista<\/p>\n\n\n\n<p><strong>Carlos Rauscher (Brasil)<\/strong><br>Membro do Conselho Consultivo e do Comit\u00ea Art\u00edstico da Cultura Art\u00edstica<\/p>\n\n\n\n<p><strong>Robson Tirotti (Brasil)<\/strong><br>Presidente da Amigos da Cia. \u00d3pera S\u00e3o Paulo<\/p>\n","protected":false},"excerpt":{"rendered":"<p>Presidente Luiz Fernando Malheiro (Brasil)Diretor Art\u00edstico e Regente Titular da Orquestra Amazonas Filarm\u00f4nica, Diretor Art\u00edstico do Festival Amazonas de \u00d3pera &#8211; FAO (Manaus) Vogais Anna Maria Meo (It\u00e1lia)Diretora Geral do Teatro R\u00e9gio de Parma, Diretora Art\u00edstica do Festival Verdi e Concorso Voci Verdiane (2015 a 2022). Presidente \u00d3pera Europa (janeiro 2023). Eiko Senda (Jap\u00e3o)Soprano com&hellip; <\/p>\n","protected":false},"author":1,"featured_media":0,"parent":0,"menu_order":0,"comment_status":"closed","ping_status":"closed","template":"","meta":{"footnotes":""},"_links":{"self":[{"href":"https:\/\/www.ciaopera.com.br\/index.php?rest_route=\/wp\/v2\/pages\/872"}],"collection":[{"href":"https:\/\/www.ciaopera.com.br\/index.php?rest_route=\/wp\/v2\/pages"}],"about":[{"href":"https:\/\/www.ciaopera.com.br\/index.php?rest_route=\/wp\/v2\/types\/page"}],"author":[{"embeddable":true,"href":"https:\/\/www.ciaopera.com.br\/index.php?rest_route=\/wp\/v2\/users\/1"}],"replies":[{"embeddable":true,"href":"https:\/\/www.ciaopera.com.br\/index.php?rest_route=%2Fwp%2Fv2%2Fcomments&post=872"}],"version-history":[{"count":2,"href":"https:\/\/www.ciaopera.com.br\/index.php?rest_route=\/wp\/v2\/pages\/872\/revisions"}],"predecessor-version":[{"id":876,"href":"https:\/\/www.ciaopera.com.br\/index.php?rest_route=\/wp\/v2\/pages\/872\/revisions\/876"}],"wp:attachment":[{"href":"https:\/\/www.ciaopera.com.br\/index.php?rest_route=%2Fwp%2Fv2%2Fmedia&parent=872"}],"curies":[{"name":"wp","href":"https:\/\/api.w.org\/{rel}","templated":true}]}}