{"id":892,"date":"2023-10-05T00:46:16","date_gmt":"2023-10-05T03:46:16","guid":{"rendered":"https:\/\/www.ciaopera.com.br\/?page_id=892"},"modified":"2024-10-02T23:13:58","modified_gmt":"2024-10-03T02:13:58","slug":"22o-concurso-maria-callas-2024","status":"publish","type":"page","link":"https:\/\/www.ciaopera.com.br\/?page_id=892","title":{"rendered":"22\u00ba Concurso Maria Callas 2025"},"content":{"rendered":"<div class=\"wp-block-image is-style-default\">\n<figure class=\"aligncenter size-full is-resized\"><img loading=\"lazy\" decoding=\"async\" width=\"2210\" height=\"2560\" src=\"https:\/\/www.ciaopera.com.br\/wp-content\/uploads\/2022\/02\/Foto_Central_Croped-scaled.jpg\" alt=\"\" class=\"wp-image-788\" style=\"aspect-ratio:0.75;object-fit:cover;width:438px;height:auto\" srcset=\"https:\/\/www.ciaopera.com.br\/wp-content\/uploads\/2022\/02\/Foto_Central_Croped-scaled.jpg 2210w, https:\/\/www.ciaopera.com.br\/wp-content\/uploads\/2022\/02\/Foto_Central_Croped-259x300.jpg 259w, https:\/\/www.ciaopera.com.br\/wp-content\/uploads\/2022\/02\/Foto_Central_Croped-884x1024.jpg 884w, https:\/\/www.ciaopera.com.br\/wp-content\/uploads\/2022\/02\/Foto_Central_Croped-768x890.jpg 768w, https:\/\/www.ciaopera.com.br\/wp-content\/uploads\/2022\/02\/Foto_Central_Croped-1326x1536.jpg 1326w, https:\/\/www.ciaopera.com.br\/wp-content\/uploads\/2022\/02\/Foto_Central_Croped-1768x2048.jpg 1768w\" sizes=\"(max-width: 2210px) 100vw, 2210px\" \/><figcaption class=\"wp-element-caption\"><sub>Retrato de Maria Callas em nanquim e guache sobre papel<\/sub><br>Artista: <a href=\"https:\/\/www.instagram.com\/livingmurs\/\" target=\"_blank\" rel=\"noreferrer noopener\">Livingmurs<\/a><\/figcaption><\/figure><\/div>\n\n\n<p>Maria Callas Nasceu em 2 de dezembro de 1923, em Nova Iorque. Filha de imigrantes gregos, chamava-se Maria Sophia Anna Cec\u00edlia Kalogeropoulus.<\/p>\n\n\n\n<p>O 22\u00ba Concurso Brasileiro de Canto Maria Callas ser\u00e1 realizado de 17 a 24 de mar\u00e7o 2024, nas cidades de S\u00e3o Paulo e Jacare\u00ed.<\/p>\n\n\n\n<p>Poder\u00e3o participar todos os cantores l\u00edricos brasileiros e latino-americanos entre 18 e 40 anos de idade, residentes ou n\u00e3o em seus pa\u00edses. Cantores de outras nacionalidades poder\u00e3o se inscrever, desde que residentes em territ\u00f3rio brasileiro h\u00e1 mais de seis meses.<\/p>\n\n\n\n<p>A fase eliminat\u00f3ria ser\u00e1 remota. Ou seja, por meio de v\u00eddeo gravado pelos candidatos que ser\u00e3o avaliados por uma comiss\u00e3o interna da Cia \u00d3pera S\u00e3o Paulo e da Amigos da Cia \u00d3pera S\u00e3o Paulo.<\/p>\n\n\n\n<p>No dia 12\/01\/2024 ser\u00e1 divulgada a lista de candidatos selecionados para participar presencialmente da fase semifinal em S\u00e3o Paulo.<\/p>\n\n\n\n<div class=\"wp-block-buttons is-layout-flex wp-block-buttons-is-layout-flex\">\n<div class=\"wp-block-button has-custom-width wp-block-button__width-25 has-custom-font-size is-style-outline\" style=\"font-size:13px;text-decoration:none\"><a class=\"wp-block-button__link has-cyan-bluish-gray-background-color has-text-color has-background has-link-color wp-element-button\" href=\"https:\/\/www.ciaopera.com.br\/?page_id=942\" style=\"border-radius:25px;color:#7d0808\">Vencedores<\/a><\/div>\n\n\n\n<div class=\"wp-block-button has-custom-width wp-block-button__width-25 has-custom-font-size is-style-outline\" style=\"font-size:13px;text-decoration:none\"><a class=\"wp-block-button__link has-cyan-bluish-gray-background-color has-text-color has-background has-link-color wp-element-button\" href=\"https:\/\/www.ciaopera.com.br\/?page_id=936\" style=\"border-radius:25px;color:#7d0808\">Finalistas<\/a><\/div>\n\n\n\n<div class=\"wp-block-button has-custom-width wp-block-button__width-25 has-custom-font-size is-style-outline\" style=\"font-size:13px;text-decoration:none\"><a class=\"wp-block-button__link has-cyan-bluish-gray-background-color has-text-color has-background has-link-color wp-element-button\" href=\"https:\/\/www.ciaopera.com.br\/?page_id=923\" style=\"border-radius:25px;color:#7d0808\">Semifinalistas<\/a><\/div>\n\n\n\n<div class=\"wp-block-button has-custom-width wp-block-button__width-25 has-custom-font-size is-style-outline\" style=\"font-size:13px;text-decoration:none\"><a class=\"wp-block-button__link has-cyan-bluish-gray-background-color has-text-color has-background has-link-color wp-element-button\" href=\"https:\/\/www.ciaopera.com.br\/?page_id=917\" style=\"border-radius:25px;color:#7d0808\">Participantes<\/a><\/div>\n\n\n\n<div class=\"wp-block-button has-custom-width wp-block-button__width-25 has-custom-font-size is-style-outline\" style=\"font-size:13px;text-decoration:none\"><a class=\"wp-block-button__link has-cyan-bluish-gray-background-color has-text-color has-background has-link-color wp-element-button\" href=\"https:\/\/www.ciaopera.com.br\/wp-content\/uploads\/2023\/10\/Reg_Conc-Callas-2024_PT.pdf\" style=\"border-radius:25px;color:#7d0808\" target=\"_blank\" rel=\"noreferrer noopener\">Regulamento Portugu\u00eas<\/a><\/div>\n\n\n\n<div class=\"wp-block-button has-custom-width wp-block-button__width-25 has-custom-font-size is-style-outline\" style=\"font-size:13px;text-decoration:none\"><a class=\"wp-block-button__link has-cyan-bluish-gray-background-color has-text-color has-background has-link-color wp-element-button\" href=\"https:\/\/www.ciaopera.com.br\/wp-content\/uploads\/2023\/10\/Reglamento-Callas-2023_ES.pdf\" style=\"border-radius:25px;color:#7d0808\" target=\"_blank\" rel=\"noreferrer noopener\">Reglamento Espa\u00f1ol<\/a><\/div>\n\n\n\n<div class=\"wp-block-button has-custom-width wp-block-button__width-25 has-custom-font-size is-style-outline\" style=\"font-size:13px;text-decoration:none\"><a class=\"wp-block-button__link has-cyan-bluish-gray-background-color has-text-color has-background has-link-color wp-element-button\" href=\"https:\/\/www.emailmeform.com\/builder\/form\/b3q67zSk6QdAs\" style=\"border-radius:25px;color:#7d0808\" target=\"_blank\" rel=\"noreferrer noopener\">Inscri\u00e7\u00e3o<\/a><\/div>\n<\/div>\n","protected":false},"excerpt":{"rendered":"<p>Maria Callas Nasceu em 2 de dezembro de 1923, em Nova Iorque. Filha de imigrantes gregos, chamava-se Maria Sophia Anna Cec\u00edlia Kalogeropoulus. O 22\u00ba Concurso Brasileiro de Canto Maria Callas ser\u00e1 realizado de 17 a 24 de mar\u00e7o 2024, nas cidades de S\u00e3o Paulo e Jacare\u00ed. Poder\u00e3o participar todos os cantores l\u00edricos brasileiros e latino-americanos&hellip; <\/p>\n","protected":false},"author":1,"featured_media":0,"parent":0,"menu_order":0,"comment_status":"closed","ping_status":"closed","template":"","meta":{"footnotes":""},"_links":{"self":[{"href":"https:\/\/www.ciaopera.com.br\/index.php?rest_route=\/wp\/v2\/pages\/892"}],"collection":[{"href":"https:\/\/www.ciaopera.com.br\/index.php?rest_route=\/wp\/v2\/pages"}],"about":[{"href":"https:\/\/www.ciaopera.com.br\/index.php?rest_route=\/wp\/v2\/types\/page"}],"author":[{"embeddable":true,"href":"https:\/\/www.ciaopera.com.br\/index.php?rest_route=\/wp\/v2\/users\/1"}],"replies":[{"embeddable":true,"href":"https:\/\/www.ciaopera.com.br\/index.php?rest_route=%2Fwp%2Fv2%2Fcomments&post=892"}],"version-history":[{"count":13,"href":"https:\/\/www.ciaopera.com.br\/index.php?rest_route=\/wp\/v2\/pages\/892\/revisions"}],"predecessor-version":[{"id":978,"href":"https:\/\/www.ciaopera.com.br\/index.php?rest_route=\/wp\/v2\/pages\/892\/revisions\/978"}],"wp:attachment":[{"href":"https:\/\/www.ciaopera.com.br\/index.php?rest_route=%2Fwp%2Fv2%2Fmedia&parent=892"}],"curies":[{"name":"wp","href":"https:\/\/api.w.org\/{rel}","templated":true}]}}